e ten thousands digit of 63722?
6
What is the thousands digit of 2855?
2
What is the tens digit of 456?
5
What is the thousands digit of 8546?
8
What is the hundreds digit of 1147?
1
What is the tens digit of 14074?
7
What is the ten thousands digit of 34693?
3
What is the ten thousands digit of 54122?
5
What is the units digit of 2124?
4
What is the tens digit of 70744?
4
What is the hundreds digit of 8044?
0
What is the units digit of 866?
6
What is the thousands digit of 40544?
0
What is the tens digit of 34972?
7
What is the ten thousands digit of 52580?
5
What is the tens digit of 5924?
2
What is the hundreds digit of 10845?
8
What is the tens digit of 28925?
2
What is the thousands digit of 16929?
6
What is the tens digit of 53854?
5
What is the hundreds digit of 33761?
7
What is the units digit of 47709?
9
What is the thousands digit of 1216?
1
What is the hundred thousands digit of 160234?
1
What is the units digit of 686?
6
What is the thousands digit of 3375?
3
What is the tens digit of 1256?
5
What is the hundreds digit of 1903?
9
What is the thousands digit of 6214?
6
What is the thousands digit of 7293?
7
What is the units digit of 9003?
3
What is the hundreds digit of 22794?
7
What is the units digit of 1494?
4
What is the tens digit of 76614?
1
What is the tens digit of 1983?
8
What is the thousands digit of 2710?
2
What is the tens digit of 1061?
6
What is the thousands digit of 29717?
9
What is the hundreds digit of 162577?
5
What is the thousands digit of 22149?
2
What is the thousands digit of 7107?
7
What is the thousands digit of 77492?
7
What is the hundreds digit of 5605?
6
What is the ten thousands digit of 26341?
2
What is the units digit of 230?
0
What is the ten thousands digit of 25873?
2
What is the units digit of 31432?
2
What is the thousands digit of 40370?
0
What is the hundreds digit of 10663?
6
What is the units digit of 2648?
8
What is the ten thousands digit of 20702?
2
What is the tens digit of 27189?
8
What is the thousands digit of 12424?
2
What is the units digit of 223?
3
What is the hundreds digit of 16203?
2
What is the thousands digit of 4067?
4
What is the units digit of 166?
6
What is the thousands digit of 3496?
3
What is the hundreds digit of 694?
6
What is the tens digit of 31139?
3
What is the tens digit of 218?
1
What is the thousands digit of 8589?
8
What is the hundreds digit of 2405?
4
What is the tens digit of 4267?
6
What is the thousands digit of 105235?
5
What is the ten thousands digit of 14467?
1
What is the thousands digit of 31168?
1
What is the thousands digit of 13171?
3
What is the ten thousands digit of 20972?
2
What is the units digit of 25946?
6
What is the ten thousands digit of 17537?
1
What is the tens digit of 9142?
4
What is the hundreds digit of 22084?
0
What is the units digit of 29966?
6
What is the thousands digit of 14476?
4
What is the thousands digit of 6114?
6
What is the units digit of 18617?
7
What is the tens digit of 925?
2
What is the units digit of 370?
0
What is the tens digit of 60907?
0
What is the hundreds digit of 516?
5
What is the units digit of 693?
3
What is the tens digit of 12128?
2
What is the hundreds digit of 5826?
8
What is the units digit of 2082?
2
What is the hundreds digit of 88652?
6
What is the hundreds digit of 9043?
0
What is the thousands digit of 1816?
1
What is the thousands digit of 43873?
3
What is the thousands digit of 1270?
1
What is the hundreds digit of 4912?
9
What is the tens digit of 13233?
3
What is the tens digit of 1223?
2
What is the thousands digit of 4944?
4
What is the thousands digit of 5450?
5
What is the units digit of 642?
2
What is the hundreds digit of 29328?
3
What is the hundreds digit of 87140?
1
What is the ten thousands digit of 89719?
8
What is the units digit of 15679?
9
What is the thousands digit of 39167?
9
What is the hundred thousands digit of 180753?
1
What is the units digit of 772?
2
What is the thousands digit of 3825?
3
What is the tens digit of 350?
5
What is the tens digit of 41101?
0
What is the tens digit of 1182?
8
What is the hundreds digit of 591?
5
What is the tens digit of 6146?
4
What is the thousands digit of 24646?
4
What is the units digit of 58426?
6
What is the tens digit of 14357?
5
What is the units digit of 2275?
5
What is the thousands digit of 28986?
8
What is the units digit of 2947?
7
What is the units digit of 18147?
7
What is the units digit of 1930?
0
What is the hundreds digit of 1130?
1
What is the units digit of 6811?
1
What is the thousands digit of 3183?
3
What is the tens digit of 7798?
9
What is the units digit of 19227?
7
What is the hundreds digit of 408?
4
What is the thousands digit of 1572?
1
What is the units digit of 23188?
8
What is the hundreds digit of 9487?
4
What is the tens digit of 7299?
9
What is the hundreds digit of 330?
3
What is the units digit of 1486?
6
What is the units digit of 9490?
0
What is the ten thousands digit of 50621?
5
What is the units digit of 4942?
2
What is the thousands digit of 9656?
9
What is the units digit of 12540?
0
What is the tens digit of 4815?
1
What is the units digit of 3?
3
What is the thousands digit of 3851?
3
What is the hundreds digit of 9583?
5
What is the hundreds digit of 10306?
3
What is the units digit of 31576?
6
What is the units digit of 264?
4
What is the hundreds digit of 188?
1
What is the hundreds digit of 780?
7
What is the thousands digit of 2067?
2
What is the units digit of 454?
4
What is the tens digit of 29007?
0
What is the units digit of 84109?
9
What is the ten thousands digit of 128309?
2
What is the hundreds digit of 5847?
8
What is the ten thousands digit of 11058?
1
What is the tens digit of 4751?
5
What is the thousands digit of 8334?
8
What is the tens digit of 94538?
3
What is the thousands digit of 9179?
9
What is the hundreds digit of 265?
2
What is the units digit of 3224?
4
What is the hundreds digit of 1700?
7
What is the thousands digit of 7547?
7
What is the hundreds digit of 141?
1
What is the tens digit of 10101?
0
What is the tens digit of 791?
9
What is the hundreds digit of 892?
8
What is the tens digit of 3599?
9
What is the hundreds digit of 189?
1
What is the units digit of 3221?
1
What is the units digit of 867?
7
What is the thousands digit of 9068?
9
What is the units digit of 4171?
1
What is the units digit of 4942?
2
What is the units digit of 3036?
6
What is the units digit of 24455?
5
What is the units digit of 655?
5
What is the thousands digit of 12242?
2
What is the thousands digit of 19109?
9
What is the hundred thousands digit of 121963?
1
What is the units digit of 234?
4
What is the hundreds digit of 9721?
7
What is the hundreds digit of 648?
6
What is the units digit of 25?
5
What is the ten thousands digit of 31667?
3
What is the thousands digit of 6689?
6
What is the units digit of 12034?
4
What is the units digit of 8521?
1
What is the units digit of 282?
2
What is the hundreds digit of 13341?
3
What is the hundreds digit of 399?
3
What is the hundreds digit of 67644?
6
What is the ten thousands digit of 88270?
8
What is the thousands digit of 4146?
4
What is the ten thousands digit of 10008?
1
What is the hundreds digit of 2426?
4
What is the tens digit of 37512?
1
What is the units digit of 17423?
3
What is the hundreds digit of 49921?
9
What is the tens digit of 71677?
7
What is the tens digit of 1476?
7
What is the thousands digit of 29226?
9
What is the tens digit of 4565?
6
What is the units digit of 18479?
9
What is the hundreds digit of 8645?
6
What is the tens digit of 145809?
0
What is the hundreds digit of 7070?
0
What is the hundreds digit of 86516?
5
What is the tens digit of 66109?
0
What is the tens digit of 1480?
8
What is the tens digit of 103616?
1
What is the units digit of 4411?
1
What is the units digit of 3472?
2
What is the hundreds digit of 6558?
5
What is the hundreds digit of 308?
3
What is the hundreds digit of 11466?
4
What is the hundreds digit of 3744?
7
What is the hundreds digit of 4092?
0
What is the thousands digit of 29805?
9
What is the ten thousands digit of 43703?
4
What is the units digit of 1778?
8
What is the tens digit of 9146?
4
What is the units digit of 29561?
1
What is the tens digit of 277?
7
Wha